 -357?
462
In base 3, what is -111101 + -100221?
-212022
In base 9, what is -17613 - -11?
-17602
In base 10, what is 102 - -628?
730
In base 9, what is -1082 - 1?
-1083
In base 9, what is 37 + -1246?
-1208
In base 16, what is -15c9 + d?
-15bc
In base 16, what is 65 - 463e?
-45d9
In base 16, what is -18 - 3391?
-33a9
In base 15, what is 28 - 181b?
-17e3
In base 10, what is -10 - -7356?
7346
In base 9, what is -1 - 52507?
-52508
In base 3, what is 200220 + -102101?
21112
In base 12, what is -4808 - -3?
-4805
In base 6, what is -325 + 104?
-221
In base 12, what is -1 - 109?
-10a
In base 13, what is 3 - 76?
-73
In base 15, what is -1b + -10d7?
-1103
In base 14, what is -2d0 - 2b0?
-5a0
In base 13, what is -5 - 1183b?
-11843
In base 5, what is -2100 - -10024?
2424
In base 5, what is 10 + 111313120?
111313130
In base 5, what is 133142 + -22?
133120
In base 10, what is 3165 - 159?
3006
In base 14, what is -3 + -861?
-864
In base 14, what is 11368 + 4?
1136c
In base 2, what is -1000101 - -111000100?
101111111
In base 8, what is 55 + -51330?
-51253
In base 2, what is 10110011101 + 1000000?
10111011101
In base 10, what is -1 - 374073?
-374074
In base 8, what is -3 + -60?
-63
In base 12, what is -575a + 2?
-5758
In base 12, what is 2a738 - -2?
2a73a
In base 15, what is -c8028a + -5?
-c80290
In base 5, what is -3 + 314424?
314421
In base 4, what is 1010 + -110200?
-103130
In base 7, what is -5 - -13256?
13251
In base 16, what is -3 - 38eb?
-38ee
In base 3, what is 20210211021 + 12?
20210211110
In base 16, what is aef - -5a?
b49
In base 6, what is -1414 - 4330?
-10144
In base 16, what is 508 - -135?
63d
In base 8, what is 3 - -1202410?
1202413
In base 7, what is 3231 + -10?
3221
In base 9, what is 3447 + 7?
3455
In base 14, what is 40012 + -5?
4000b
In base 12, what is -1178a - -1?
-11789
In base 9, what is 1 + 6436?
6437
In base 9, what is 27677 + -105?
27572
In base 15, what is 14835 - -4?
14839
In base 12, what is -a67 - 6?
-a71
In base 15, what is 4 + -321b9?
-321b5
In base 14, what is 9123 - 5?
911c
In base 2, what is 10111101 - 1000011?
1111010
In base 4, what is -2213212 - 1323?
-2221201
In base 11, what is -173 - 3?
-176
In base 2, what is 10000 - -10001100001111?
10001100011111
In base 2, what is 10010101000010110 + 1?
10010101000010111
In base 15, what is -5 + -69e2?
-69e7
In base 3, what is 1012001 - 21?
1011210
In base 3, what is -12 - 111111101?
-111111120
In base 12, what is -3 - -78?
75
In base 7, what is -10101 - -165?
-6603
In base 4, what is -123 - -132230?
132101
In base 16, what is 9 + -ad4?
-acb
In base 13, what is -91b - -9?
-912
In base 2, what is -1011001111010110010 - 100?
-1011001111010110110
In base 6, what is -33201 - -1410?
-31351
In base 15, what is -87e + -204?
-a83
In base 12, what is -664 + -1468?
-1b10
In base 7, what is -2 - -35606?
35604
In base 16, what is -5 - -c39?
c34
In base 6, what is 23 - -1544525?
1544552
In base 5, what is -4104 - 2213?
-11322
In base 9, what is 168256 + -6?
168250
In base 14, what is 2171d - -4?
21723
In base 15, what is 2287 - 24c?
203a
In base 14, what is -1bd + -250?
-42d
In base 3, what is 2 - -211212110010?
211212110012
In base 8, what is 5 + -1663213?
-1663206
In base 8, what is -16 + -11422?
-11440
In base 12, what is -10 - -37ab?
379b
In base 13, what is -3 - 33910?
-33913
In base 5, what is 3321 + -311?
3010
In base 4, what is -1130021 + -212?
-1130233
In base 11, what is -47 + -30419?
-30465
In base 15, what is -2 + 715?
713
In base 6, what is 10303344 + -2?
10303342
In base 6, what is -245 + -552?
-1241
In base 6, what is -2430025 - -13?
-2430012
In base 15, what is -1 - 1ec?
-1ed
In base 6, what is -103 + -13441?
-13544
In base 13, what is 2cb68 - 4?
2cb64
In base 5, what is 14131130 + -10?
14131120
In base 4, what is -323 - -1011020?
1010031
In base 15, what is -1 - -51c95?
51c94
In base 15, what is 129 - 8c?
8c
In base 7, what is 1 - -3554053?
3554054
In base 3, what is -2202 + 111222?
102020
In base 10, what is -82 + 663?
581
In base 4, what is 10211 - 3210?
1001
In base 6, what is -2454352 - 2?
-2454354
In base 12, what is -5 - 7412?
-7417
In base 14, what is -12 + ccd0?
ccbc
In base 6, what is -212 + 43?
-125
In base 9, what is -1552 + -203?
-1755
In base 11, what is -102096 - -5?
-102091
In base 3, what is -111101 - 2120?
-120221
In base 14, what is -789b + 3?
-7898
In base 14, what is -245d + d?
-2450
In base 10, what is 7 - 14998?
-14991
In base 14, what is -4 - 316b?
-3171
In base 9, what is 1 + 284147?
284148
In base 4, what is 3333313113 + -1?
3333313112
In base 4, what is 31 - 13032111?
-13032020
In base 6, what is 5 - 103353?
-103344
In base 8, what is 13 - 411?
-376
In base 15, what is 8e1d + 3?
8e21
In base 15, what is 170 + -2b?
144
In base 5, what is -20120 - -340?
-14230
In base 16, what is -2b7 - 4de?
-795
In base 10, what is 37968 + -2?
37966
In base 5, what is -2 + 4302444?
4302442
In base 10, what is -166 + 37?
-129
In base 7, what is 205610 - 5?
205602
In base 3, what is -110210 - 1220222?
-2101202
In base 7, what is 31 + 162320?
162351
In base 7, what is -163 - -60445?
60252
In base 8, what is -3 - -364271?
364266
In base 9, what is 55336 - -8?
55345
In base 14, what is 16c85 + -28?
16c5b
In base 14, what is -6 + -25dd?
-2605
In base 13, what is 6a50 + 2?
6a52
In base 13, what is -4 + -4353?
-4357
In base 16, what is -2184 - -5?
-217f
In base 3, what is -20221 - -211?
-20010
In base 8, what is 13250 - -232?
13502
In base 15, what is -12b90 + d?
-12b82
In base 16, what is 9 + -377e?
-3775
In base 13, what is 8419 + b?
8427
In base 10, what is -2704 - 11?
-2715
In base 8, what is 24160 - 22?
24136
In base 5, what is 210411 - 12?
210344
In base 12, what is 109 - 91?
38
In base 16, what is -e57d - 0?
-e57d
In base 2, what is -100000111111 + -10101101?
-100011101100
In base 8, what is -32233 - -37?
-32174
In base 11, what is -2107 + 16a?
-1a48
In base 2, what is -11 - 11000111110001100?
-11000111110001111
In base 6, what is -3 + 13410140?
13410133
In base 7, what is 150560 - -1?
150561
In base 6, what is -34102534 - -3?
-34102531
In base 8, what is -3506 - 166?
-3674
In base 14, what is -4 - -9d31b?
9d317
In base 6, what is 242340 + -2?
242334
In base 7, what is -152105 + -1?
-152106
In base 10, what is 137023 + -3?
137020
In base 10, what is 120 + -32?
88
In base 9, what is -22 - -584?
562
In base 7, what is 16352422 + -5?
16352414
In base 2, what is -10110111001011 + -1011?
-10110111010110
In base 3, what is 2 - -1021101111?
1021101120
In base 5, what is 2342022 - 10?
2342012
In base 12, what is 6586 + 20?
65a6
In base 3, what is 11 - -1020210102?
1020210120
In base 12, what is -5 + 9402?
93b9
In base 7, what is -444614 - 2?
-444616
In base 5, what is -1140002440 - 4?
-1140002444
In base 2, what is -1 - -101010110000011011?
101010110000011010
In base 4, what is 123030201 - -10?
123030211
In base 10, what is -125197 + 11?
-125186
In base 7, what is 0 - 3635121?
-3635121
In base 8, what is 223 - -46121?
46344
In base 9, what is 8 + -132540?
-132531
In base 16, what is -e42 - 1?
-e43
In base 7, what is -323 - -6446?
6123
In base 15, what is 38 + -ee0?
-ea7
In base 6, what is -2 + -413405?
-413411
In base 4, what is 100 + 113020?
113120
In base 4, what is 1 - -1013003022?
1013003023
In base 6, what is -3544 + 34?
-3510
In base 9, what is 38861 - -21?
38882
In base 12, what is 3746a9 + -3?
3746a6
In base 11, what is -3a10 - -5?
-3a06
In base 14, what is -98 - 77?
-131
In base 10, what is 456 + -866?
-410
In base 16, what is -1 + fe7b?
fe7a
In base 14, what is 125bb - 5?
125b6
In base 8, what is 1631 + -3145?
-1314
In base 3, what is -12122 + 21110?
1211
In base 13, what is -158 - -190a?
1782
In base 3, what is 11012012121 + -221?
11012011200
In base 14, what is -d12 - 70a?
-161c
In base 11, what is -4 + 3889?
3885
In base 16, what is 1066 - 4?
1062
In base 12, what is b9416 + 5?
b941b
In base 9, what is 764638 + -2?
764636
In base 2, what is 1100110 - -100000101?
101101011
In base 12, what is 13372 + 14?
13386
In base 7, what is 6 + -153564?
-153555
In base 4, what is -120 + -32223?
-33003
In base 6, what is -525321 + -2?
-525323
In base 13, what is 257a8 + 3?
257ab
In base 10, what is -735 + -41?
-776
In base 9, what is -13 + 4340?
4326
In base 12, what is -171